 m be c(-5). What is the remainder when (2898/(-72))/((-1)/4) is divided by (1/m)/(9/(-369))?
38
What is the remainder when 89 is divided by 73 - (2 + 1)*-1?
13
Suppose -47 + 50 = n. Suppose 4*q - 176 - 174 = -2*y, n*y + 5*q - 524 = 0. Calculate the remainder when y is divided by 44.
41
Let i(f) = -f**3 - 9*f**2 - 11*f - 6. Suppose -b - 31 = 5*v + 2*b, -19 = 2*v - b. Calculate the remainder when i(v) is divided by 5.
3
Let t(h) = -40*h**3 + 5*h**2 + 9*h + 3. Calculate the remainder when t(-2) is divided by 47.
43
Suppose 16*g - 15*g - 12 = 0. Let m be 6 + (3 - g/2). Suppose m*i + i = 56. What is the remainder when 82 is divided by i?
12
Let u = -40 + 41. What is the remainder when 12 is divided by (2 - 4/u)*-4?
4
Calculate the remainder when (-18 + 28)*(0 + 27) is divided by 7.
4
Let l(t) = 2*t**2 - 43*t + 30. Suppose 11*a = 8*a + 63. What is the remainder when (-1)/4 + (-69)/(-4) is divided by l(a)?
8
Let x(m) = 35*m - 22. Let d(q) = -3*q - 4. What is the remainder when x(2) is divided by d(-6)?
6
Suppose 45*i = 37*i + 968. Calculate the remainder when i is divided by 63.
58
Let f(m) = 3*m + 13. Suppose 7*t = 3*t - 20. Let x be f(t). Let r(j) = -j**3 + 3*j + 1. Calculate the remainder when r(x) is divided by 1.
0
What is the remainder when 308 is divided by -12*(20/(-6) + -1)?
48
Calculate the remainder when 42 is divided by -3*(6 - 3 - (-136)/(-12)).
17
Let w(c) = -518*c + 8. What is the remainder when w(-1) is divided by 134?
124
Suppose f = -7*f + 64. Suppose f*m - 111 = -31. What is the remainder when 18 is divided by m?
8
Suppose m = -4*y + 111, 98 - 11 = 3*y - 3*m. Suppose -57*a = -56*a - y. What is the remainder when 110 is divided by a?
26
Let x = -43 + 38. Calculate the remainder when (1 + x + 3)/((-2)/150) is divided by 19.
18
Suppose 0 = 5*j - 50 - 80. Suppose 8 = 4*x - 4. Suppose -20 = -4*p, -315 = -5*h + x*p + 180. Calculate the remainder when h is divided by j.
24
Let l = -1219 - -1255. Calculate the remainder when 112 is divided by l.
4
Let r be (-110)/20*(-1*2 - 2). Let b = 47 - r. What is the remainder when 97 is divided by b?
22
Suppose -3*n = -9 - 6, 4*n - 68 = 3*o. Let z = -6 - o. Let g(m) = -m - 9. What is the remainder when z is divided by g(-12)?
1
Let q(d) = -d**3 - 8*d**2 + 10*d + 12. Suppose 0 = b - 3*b + 50. What is the remainder when b is divided by q(-9)?
1
Suppose -15*b + 155 = -70. Let x be 2 - 2*3/2. Let t = b - x. What is the remainder when 62 is divided by t?
14
Let g be -1*(-18)/(-12) - 849/(-6). Suppose g - 105 = j. Calculate the remainder when j is divided by 21.
14
Suppose -l = -1 - 3. Suppose -k + 3 = 4*o - 13, l*k + 2*o - 134 = 0. Suppose t - 18 = 3*j - 2, -t = 2*j - 21. Calculate the remainder when k is divided by t.
17
Let f(t) be the second derivative of t**5/20 + t**4/6 + 3*t**2/2 + 20*t. What is the remainder when f(2) is divided by 7?
5
Let o = 241 + -89. Suppose -3*j + j = -o. Let x = -48 + j. Calculate the remainder when 55 is divided by x.
27
Let f = -6 - -20. Let s(u) = -u**2 + 16*u - 16. What is the remainder when 21 is divided by s(f)?
9
Let i = 176 - 112. Calculate the remainder when 122 is divided by i.
58
Suppose -20 = 2*f + 2*f, -w + 77 = f. Calculate the remainder when w is divided by 17.
14
Suppose 19 = 5*q + 4*y - 26, 5*q = -5*y + 50. Suppose -5*j + 13 + 106 = -2*h, 4*h = q*j - 113. What is the remainder when 47 is divided by j?
22
Calculate the remainder when (-8)/(-20) - (-3136)/10 is divided by 35.
34
Suppose -x - 5*w = -0*w - 173, 0 = -2*w. Calculate the remainder when x is divided by 22.
19
Let q(z) = z**3 + 2. Let a be q(0). Suppose 4 = a*u - 26. Suppose -t + 55 + 3 = 0. Calculate the remainder when t is divided by u.
13
Suppose 24 = u - 33. Suppose 0 = 5*r - 5*q - 180, -2*r + 4*r + q = u. Calculate the remainder when r is divided by 9.
4
Suppose q = o + 43, q + 3*o + 4 - 27 = 0. What is the remainder when q is divided by 16?
6
Suppose 9*r - 443 = 5398. What is the remainder when r is divided by 21?
19
Suppose -136 = -j + 5*j. Let u = j + 69. Suppose 2*n + 36 = 2*i, -3*i + i = 4*n - 36. What is the remainder when u is divided by i?
17
Let r(c) = -2*c**2 + 33*c + 23. What is the remainder when r(14) is divided by 25?
18
Suppose 13*v = -65 - 689. Let h = v + 102. Calculate the remainder when h is divided by 12.
8
Calculate the remainder when 61 + 5/(10/(-4)) is divided by 13.
7
Suppose 0 = -5*y + 5*b - 3*b - 85, 5*b = 4*y + 51. Suppose 20 = 5*k, 0*k + 19 = -a - k. Let i = y - a. What is the remainder when 12 is divided by i?
0
Let z(x) = 20*x**2 - 8*x - 10. Suppose 2*p = 17 + 9. Calculate the remainder when z(-2) is divided by p.
8
Let n(i) = 2*i**3 - 56*i**2 + 56*i - 26. Calculate the remainder when 49 is divided by n(27).
21
Calculate the remainder when (-4 - -12) + -9 - -32 is divided by 7.
3
Let x = -141 + 189. What is the remainder when 231 is divided by x?
39
Let t(q) = -q**2 + 6*q - 4. Let m be t(5). Suppose m + 95 = 3*c. Calculate the remainder when 156 is divided by c.
28
Let k(z) = -63*z + 954. Suppose 2*n + 24 = -2*n. Calculate the remainder when 4/n - 101/(-3) is divided by k(15).
6
Suppose 4*y - 4 = 4. What is the remainder when 3*8/(-6) + 8 is divided by y?
0
Suppose -h - 1 = -q - 2, 5 = -h + 4*q. Calculate the remainder when (-34)/(-3) + (-2)/6 is divided by -1*3 - (3/h - 7).
2
Suppose 2*t + 18 = 2*c + 5*t, -4*c - 4*t = -40. Calculate the remainder when 166 is divided by c.
10
Suppose -100 = -5*d - 5. Let o be ((-6)/(-4))/((-33)/(-286)). Suppose 3*x - 2*f + o = 162, -139 = -3*x + 4*f. Calculate the remainder when x is divided by d.
15
Let w = 40 - 38. Suppose -464 = -4*b + 4*o, -w*b - b + o = -338. What is the remainder when b is divided by 28?
27
Suppose 9*o - 26 - 10 = 0. Calculate the remainder when o*4*(-177)/(-48) is divided by 20.
19
Suppose -1 = -j + 4. Suppose 2*y - f - 1 = 6, -j = 5*y + 5*f. Suppose 5*h = 3*i + 245, -y*i = -0*i. What is the remainder when h is divided by 10?
9
Suppose -g + 7*g = 72. Suppose 3*b + 13 = -0*q - q, 5*b + 31 = 3*q. Suppose 0 = 5*s - 2*f - 23, 2 = 4*f - q*f. What is the remainder when g is divided by s?
2
Let i(a) = a**2 - 10*a + 17. Let v be i(5). What is the remainder when v/(-32) - 555/(-4) is divided by 28?
27
Let s(b) = 9*b**3 + b**2 - 8. What is the remainder when s(2) is divided by 18?
14
Let o(j) = j**2 + 73*j + 859. What is the remainder when o(-59) is divided by (-1)/(-2) - (-117)/6?
13
Suppose n = 14*n + 156. Calculate the remainder when 59 is divided by (2 - (-184)/n)*9/(-6).
19
Let z be (-34)/(-9) - (-2)/9. Let x be 2 + (2 - (-4)/z). Suppose u - 3*u + 2*h = -8, -2*h = -x*u + 29. Calculate the remainder when 18 is divided by u.
4
Let u(q) = q**2 + 15*q + 11. Let s be u(-8). Let p = 50 + s. Calculate the remainder when 12 is divided by p.
2
Let p = -16 - -16. Suppose p = 3*w - 4*w + 11. Let t = w + -5. Calculate the remainder when t is divided by 3.
0
Suppose 0 = -55*i + 61*i - 108. What is the remainder when 70 is divided by i?
16
Let x(u) = -u**3 + u**2 - u + 3. Let c be x(0). Suppose n - 141 = -o - c*n, 232 = 2*o - 2*n. Calculate the remainder when o is divided by 31.
28
Let t(s) = -2*s**2 - 7*s + 1. Let u be t(-3). Suppose -u*k + 0 = -20. Suppose -m + 3*m = 14. What is the remainder when m is divided by k?
2
Suppose 0 = -5*c - 0*c - 5*s - 80, c + 20 = -3*s. Let p = c + 29. Suppose -5*u = 3*a + 17 - 242, 27 = u - 3*a. Calculate the remainder when u is divided by p.
12
Suppose 5*g = -5*u + 25, -u + 30 = -4*g - 0*g. Calculate the remainder when u is divided by (96/72)/(4/9).
1
Suppose 0 = w - 5*s - 240, 2*s = 5*w + s - 1104. What is the remainder when w is divided by 16?
12
Let s(l) be the second derivative of l**3/3 + 33*l**2/2 + 7*l. Suppose 0 = 5*w - 27 - 138. What is the remainder when w is divided by s(-13)?
5
Let w(b) = b**2 - 3*b - 10. Let l be w(5). Suppose l = -h + 21 - 0. What is the remainder when 59 is divided by h?
17
Suppose d + 5*f - 49 = 0, 163 + 163 = 5*d - 2*f. What is the remainder when d is divided by 34?
30
Let g(m) = 13*m + 780. Calculate the remainder when g(-54) is divided by 11.
1
Let a(y) = -16*y - 9. Suppose 5*m + 60 = -3*n + 5*n, -3*n + 45 = -3*m. What is the remainder when a(-6) is divided by m/(-45) + 588/27?
21
Let r(x) = -x**3 - 12*x**2 - 2*x + 4. Suppose -11*v + 7*v + 192 = 0. Sup